 65 and 2.
1
Calculate the highest common divisor of 5699 and 205.
41
What is the greatest common divisor of 1450 and 58?
58
Calculate the greatest common divisor of 40 and 10840.
40
What is the greatest common factor of 5777 and 106?
53
Calculate the highest common factor of 136 and 51.
17
What is the greatest common divisor of 30108 and 156?
156
Calculate the highest common factor of 254 and 8763.
127
What is the greatest common factor of 51 and 42?
3
Calculate the greatest common divisor of 8 and 3592.
8
What is the greatest common divisor of 196 and 49?
49
What is the greatest common factor of 123 and 7626?
123
Calculate the highest common factor of 529 and 1909.
23
Calculate the greatest common divisor of 1677 and 117.
39
What is the greatest common divisor of 612 and 1292?
68
Calculate the highest common factor of 511 and 1971.
73
What is the greatest common divisor of 28446 and 66?
66
Calculate the highest common divisor of 80 and 140.
20
What is the greatest common factor of 74 and 3737?
37
What is the greatest common divisor of 80 and 28040?
40
What is the highest common factor of 90 and 198?
18
Calculate the greatest common divisor of 9704 and 8.
8
What is the highest common factor of 363 and 33?
33
What is the highest common divisor of 5 and 3135?
5
What is the greatest common divisor of 156 and 5694?
78
What is the greatest common divisor of 5746 and 34?
34
What is the highest common divisor of 279 and 341?
31
Calculate the greatest common divisor of 49 and 3.
1
What is the greatest common divisor of 15 and 55?
5
What is the greatest common factor of 552 and 69?
69
What is the greatest common factor of 306 and 20502?
306
Calculate the highest common factor of 55 and 90.
5
What is the highest common divisor of 39 and 9?
3
Calculate the greatest common factor of 220 and 43120.
220
What is the greatest common divisor of 4190 and 20?
10
Calculate the highest common factor of 490 and 294.
98
What is the greatest common divisor of 14310 and 15?
15
What is the greatest common divisor of 54 and 1242?
54
Calculate the greatest common divisor of 18 and 486.
18
Calculate the greatest common factor of 1300 and 32.
4
What is the greatest common factor of 30 and 750?
30
Calculate the highest common divisor of 134 and 24254.
134
Calculate the highest common divisor of 26 and 949.
13
What is the greatest common factor of 648 and 16?
8
What is the greatest common factor of 836 and 76?
76
Calculate the highest common divisor of 5925 and 948.
237
Calculate the greatest common divisor of 23 and 3749.
23
Calculate the greatest common factor of 259 and 148.
37
What is the greatest common factor of 8064 and 840?
168
What is the highest common factor of 36 and 12?
12
What is the greatest common divisor of 13 and 13793?
13
Calculate the highest common divisor of 76 and 836.
76
What is the greatest common factor of 140 and 70?
70
What is the greatest common factor of 549 and 1342?
61
Calculate the highest common divisor of 1088 and 170.
34
Calculate the greatest common factor of 66 and 270.
6
What is the highest common factor of 1 and 89?
1
What is the greatest common divisor of 85 and 3400?
85
What is the greatest common divisor of 12028 and 124?
124
What is the greatest common divisor of 88 and 396?
44
What is the highest common factor of 207 and 9?
9
What is the greatest common factor of 76 and 171?
19
What is the greatest common divisor of 13 and 1469?
13
What is the highest common divisor of 135 and 75?
15
Calculate the highest common factor of 174 and 6.
6
Calculate the greatest common factor of 26 and 1664.
26
What is the greatest common divisor of 806 and 39?
13
What is the highest common divisor of 9984 and 240?
48
Calculate the greatest common factor of 29618 and 59.
59
Calculate the greatest common divisor of 364 and 91.
91
Calculate the highest common factor of 7 and 182.
7
What is the highest common factor of 105 and 3633?
21
Calculate the greatest common divisor of 430 and 473.
43
Calculate the highest common divisor of 6380 and 385.
55
Calculate the greatest common divisor of 7 and 63.
7
Calculate the highest common factor of 44 and 484.
44
What is the highest common divisor of 60 and 15?
15
Calculate the greatest common divisor of 77 and 707.
7
Calculate the highest common divisor of 224 and 868.
28
Calculate the highest common divisor of 12 and 16194.
6
What is the greatest common factor of 16 and 1328?
16
Calculate the highest common factor of 20 and 5.
5
Calculate the highest common divisor of 18292 and 68.
68
What is the greatest common factor of 15 and 255?
15
Calculate the highest common factor of 27319 and 34.
17
Calculate the highest common divisor of 160 and 8640.
160
What is the greatest common divisor of 800 and 180?
20
Calculate the greatest common factor of 189 and 6489.
63
Calculate the highest common factor of 128 and 32.
32
Calculate the highest common divisor of 26 and 117.
13
Calculate the greatest common divisor of 2470 and 130.
130
Calculate the highest common factor of 12 and 4.
4
What is the highest common divisor of 1311 and 115?
23
Calculate the highest common divisor of 1434 and 6.
6
Calculate the highest common factor of 3402 and 18.
18
What is the greatest common factor of 34 and 34?
34
What is the highest common factor of 240 and 75?
15
Calculate the highest common divisor of 976 and 61.
61
Calculate the greatest common divisor of 1504 and 32.
32
What is the highest common factor of 3546 and 126?
18
Calculate the highest common divisor of 105 and 1015.
35
Calculate the greatest common factor of 7677 and 18.
9
Calculate the highest common divisor of 60 and 103260.
60
Calculate the greatest common divisor of 64 and 1184.
32
What is the greatest common divisor of 97 and 8051?
97
Calculate the highest common divisor of 66 and 186.
6
What is the highest common factor of 252 and 90?
18
What is the highest common factor of 14 and 1442?
14
What is the highest common divisor of 12 and 6918?
6
What is the highest common divisor of 48 and 344?
8
Calculate the highest common factor of 406 and 266.
14
What is the highest common factor of 4764 and 24?
12
Calculate the highest common divisor of 10 and 54.
2
Calculate the greatest common factor of 98190 and 180.
90
What is the greatest common factor of 106 and 4028?
106
Calculate the highest common factor of 5190 and 110.
10
What is the greatest common divisor of 45 and 1415?
5
Calculate the greatest common factor of 2146 and 814.
74
Calculate the greatest common factor of 688 and 1462.
86
What is the greatest common divisor of 42 and 24?
6
What is the highest common factor of 405 and 9?
9
What is the highest common divisor of 14 and 581?
7
Calculate the highest common divisor of 154 and 112.
14
Calculate the highest common divisor of 1730 and 3979.
173
What is the greatest common divisor of 44 and 110?
22
What is the greatest common factor of 84 and 1344?
84
Calculate the highest common divisor of 576 and 180.
36
What is the greatest common factor of 1452 and 1782?
66
What is the greatest common divisor of 6 and 726?
6
Calculate the highest common factor of 133 and 76.
19
What is the greatest common divisor of 13226 and 17?
17
What is the highest common divisor of 12 and 42?
6
What is the highest common factor of 1599 and 246?
123
What is the greatest common divisor of 714 and 595?
119
What is the greatest common divisor of 3899 and 63?
7
Calculate the highest common divisor of 1339 and 824.
103
Calculate the highest common divisor of 17 and 4913.
17
Calculate the highest common divisor of 4573 and 289.
17
What is the highest common divisor of 675 and 54?
27
What is the highest common divisor of 64 and 576?
64
What is the highest common factor of 13065 and 13?
13
What is the greatest common divisor of 114 and 6?
6
What is the greatest common factor of 18 and 549?
9
Calculate the highest common divisor of 4496 and 32.
16
What is the highest common factor of 20 and 4550?
10
What is the greatest common divisor of 498 and 747?
249
Calculate the greatest common divisor of 8 and 32.
8
What is the highest common divisor of 7 and 49?
7
What is the greatest common factor of 21 and 8337?
21
Calculate the highest common divisor of 44 and 1034.
22
Calculate the greatest common factor o